- 193*n - 3822. Calculate the remainder when i is divided by 101.
97
Suppose -49076 = -4*x + 4*h, 148*h - 143*h + 36803 = 3*x. Calculate the remainder when x is divided by 16.
15
Suppose -4*u = -2*u - 234. Calculate the remainder when u is divided by -7 + 5 + 16 + (-1326)/(-56 + 22).
11
Let l(q) = -q**3 + 26*q**2 + 1. Let k be l(26). What is the remainder when 73 is divided by (2/(-1))/(k*18/(-333))?
36
Calculate the remainder when 502/(2/23 - (-1560)/16445) is divided by 21.
10
Let s(o) = -2*o**2 - 57*o - 117. Let h be s(-43). Calculate the remainder when (h/33)/(-3 - 21/(-9)) is divided by 32.
30
Let f be 4/8 - 22/4. Calculate the remainder when (16 - (0 - 0)) + -139 + 140 is divided by (-31)/f + (-9)/45.
5
Let h = 54 - 55. Let i be 1/((-1)/(-2)) + h + 3. Suppose -2*w = i*t - 118, -3*w + 0 - 3 = 0. Calculate the remainder when 56 is divided by t.
26
Suppose 4*x = -8*x. Suppose x = 11*u - 207 - 57. What is the remainder when 108 is divided by u?
12
Suppose 185 - 161 = 6*x. Suppose -2*k + 2 + 2 = 0. Calculate the remainder when x/((130/(-156))/(5/(-4))) is divided by k.
0
Let d(f) = f**3 - 15*f**2 - 120*f + 2. Let o be d(-5). Suppose -2*s - o = -l, -4*s = -l + 11 + 97. What is the remainder when l is divided by 9?
6
Suppose -5*s + 13*s - 4943 - 145 = 0. Calculate the remainder when s is divided by 143.
64
Let n(a) = a**2 + a - 9. Suppose -420 = -11*c - 46. Calculate the remainder when c is divided by n(4).
1
Suppose 364*u + 802 = 2*t + 371*u, -5*u + 10 = 0. What is the remainder when 1977 is divided by t?
7
Suppose -111 - 49 = -4*d. Suppose -42*f - 48 = -d*f. Let b = 6 - f. What is the remainder when 118 is divided by b?
28
Let b be (-7 + 2 + 4)/(3/(-267)). Suppose -4*w + b = -175. Suppose 10*o - 5*o = 2*p - 23, 5*p - 4*o - w = 0. Calculate the remainder when 36 is divided by p.
8
Let h = -3706 - -3748. Calculate the remainder when (0 - -1)/((-4)/(-1004)) is divided by h.
41
Let c be (-7)/((-224)/72)*8/2. Suppose 0 = -3*q + 3 + c. What is the remainder when 91 is divided by q?
3
Let d(b) = -10*b**2 + 137*b + 48. What is the remainder when 555 is divided by d(14)?
3
Suppose 0 = -2*s + 5*c - 3, -2*c + 4 = 2*c. Suppose -2*o + 64 = 20. What is the remainder when 10908/252 - ((-5)/7 + s) is divided by o?
21
Let q = 26808 + -26741. Let t(a) = 603*a - 1. Calculate the remainder when t(1) is divided by q.
66
Let r(g) = g - 2. Let v be (-8)/4*3/(-6). Suppose -3*p - v = -46. Calculate the remainder when p is divided by r(8).
3
Suppose -5*x + 60 = -15. Suppose f = -3*b - 22 + 37, b - 13 = -3*f. Calculate the remainder when 24 is divided by 6/b - x/(-2).
6
Suppose -3*s + 2*l = -35, -10*l + 23 = s - 5*l. Suppose -5*z + 25 = 0, -5*c + 9 = -2*z - 6. Calculate the remainder when s is divided by c.
3
Let y be -3*471/9*-2. Suppose -5*v + 136 = -y. Calculate the remainder when v is divided by 40.
10
Suppose 0 = 2*v - 3*r - 53 + 10, -3*v - 4*r = -73. Let w(s) = -s + 110. Calculate the remainder when w(v) is divided by 25*(-1)/((-20)/24).
27
Suppose 0 = 7*r - 2*r + 3*m + 206, 4*r - m + 175 = 0. Let j = r + 49. Suppose j*y = 206 - 2. What is the remainder when y is divided by 9?
7
Calculate the remainder when 76 is divided by (-47790)/(-1215) - (-4)/6.
36
Suppose 12 = l - 80. Calculate the remainder when l is divided by 32/24*(2/1 + 10).
12
Suppose 960 = -475*t + 555*t. What is the remainder when 131 is divided by t?
11
Let g = 45 - 6. Let d = 170 - 156. Calculate the remainder when g is divided by d.
11
Suppose -9*a + 5*a - y = -19, -2 = -2*a - 2*y. Suppose a*i + 17*i = 1058. What is the remainder when 274 is divided by i?
44
Let v = -2766 - -3056. Calculate the remainder when v is divided by 73.
71
Suppose 127*c = 164*c - 962. Suppose -2*a + 350 = 2*w, -5*w = -3*a + 373 + 144. Calculate the remainder when a is divided by c.
18
Let a(p) = 8*p + 313. Calculate the remainder when a(11) is divided by 31.
29
Suppose -4*i + 156 = -44. Let l be (158/4)/(1 + 15/(-12)). Let h = l - -175. What is the remainder when i is divided by h?
16
Suppose -q = 3*r - 4, -q = r + r - 2. Let t = 2 - q. Suppose 2*o - b - 107 = 0, -4*o - t*b = -0*b - 208. What is the remainder when o is divided by 14?
11
Let c be 1*-1*(2 + 45). Let z be 0*(-3)/(-12) + (5 + -4 - 0). What is the remainder when 1*c*(-1)/z is divided by 24?
23
Calculate the remainder when ((-307)/2 - -2)*((-16)/(-3))/(-8) is divided by 12/(-18) + 1/3*53.
16
Let n = -7 + 7. Suppose n*x + 38 = 2*x. Let o = -166 - -173. Calculate the remainder when x is divided by o.
5
Let h = 75 - 37. Suppose -5*o + j = -22, -8*o + 4*j = -3*o - 13. Suppose p + 0*p = 1, -o*w - 5*p + 110 = 0. Calculate the remainder when h is divided by w.
17
Suppose -4*t - t - 2*d = -55, -5*d + 61 = 4*t. Let j = t + 23. Let n = -1855 - -1978. Calculate the remainder when n is divided by j.
27
What is the remainder when 15/(-45) + (45890/15 - 3) is divided by 45?
41
Let k = -140 + 215. Calculate the remainder when -18*(5 - k/9) is divided by 31.
29
Suppose 0 = -4*m - 20, -5*m = -r + 468 - 170. Let a(f) = 274 - f - r + 0*f**3 - f + f**3 + 4*f**2. Calculate the remainder when a(-4) is divided by 6.
3
Suppose -4*x + 14 = 3*x. Suppose x*s + 54 = 3*s. Suppose -3*v = 3*v - s. What is the remainder when v is divided by 3?
0
Let v = 15354 + -4236. Calculate the remainder when v is divided by 227.
222
Suppose -54948 = -1044*w - 14232. Suppose 7*s = 2*s + 2*i + 345, -4*i + 233 = 3*s. What is the remainder when s is divided by w?
32
Let z = -14 - -40. Let p = 8095 + -8064. What is the remainder when p is divided by z?
5
Let b = 492 + -694. Let q = -164 - b. Calculate the remainder when q is divided by 4.
2
Let f(l) = l**3 - 80*l**2 + 9*l - 706. Calculate the remainder when 53 is divided by f(80).
11
Let u = 710 - 368. Let o = 392 - u. Let p = 23 - -3. What is the remainder when o is divided by p?
24
What is the remainder when 1238 is divided by (-20)/6*(-20898)/405?
34
Let z = -4689 - -4692. What is the remainder when 946/10 - (-2)/5 is divided by z?
2
Let a = 88 - -199. Calculate the remainder when a is divided by 282.
5
Suppose 3*s = s + 34. Suppose -244 = -42*q - 19*q. Suppose 0 = 5*b + 6*t - 287, -5*b + q*t - 171 = -8*b. Calculate the remainder when b is divided by s.
10
Let x(v) = -163*v + 1555. Calculate the remainder when 837 is divided by x(7).
9
Let s be (20 + -2 - -4) + 0/(-2). Let y(z) = z**3 - 23*z**2 + 21*z + 48. Calculate the remainder when 73 is divided by y(s).
21
Suppose 16*a - 6517 = 5947. What is the remainder when a is divided by 15?
14
Calculate the remainder when 4/(-6)*(-56040)/80 is divided by 68.
59
Let w = 202 + -183. Suppose 34 = w*v - 23. What is the remainder when 30 is divided by v?
0
Suppose -2*a = 2*a - 684. What is the remainder when a is divided by (17/(-85)*-2)/(6*2/750)?
21
Let s be 2*(-1)/2*2/(-2). Let i = 34 + s. Suppose 2*a = 2*o - 4*o + 28, 3*o + i = 4*a. What is the remainder when a is divided by 4?
3
Suppose -3*r + 6*r - 132 = 0. Calculate the remainder when (60/70)/((-9)/(-2289)) is divided by r.
42
Let z = 8 + -18. Let b(l) = 128*l**2 - 10*l + 122*l**2 - 251*l**2 + 8. What is the remainder when b(z) is divided by 4?
0
Suppose 7*n - 581 = -a, 11*n - 224 = 8*n - 4*a. What is the remainder when n is divided by 14?
0
Suppose -3*l + 25 = -92. What is the remainder when (-6)/9*(-12264)/56 is divided by l?
29
What is the remainder when 440 is divided by 253/5 + (7 - 114/15)?
40
Suppose -l + 7*h = 3*h - 15, -5*h - 45 = -5*l. What is the remainder when -1 - 2 - (-129 - (3 - l)) is divided by 42?
38
Suppose 0 = -9*g + 21*g - 948. Let h = -71 + g. Calculate the remainder when h is divided by 2.
0
Let m(d) = -d**3 + 15*d**2 + 45*d - 27. Let x(u) = u**3 - 14*u**2 - 46*u + 27. Let a(z) = -2*m(z) - 3*x(z). Calculate the remainder when a(15) is divided by 2.
0
What is the remainder when 2123 is divided by (2 - -95)*(-46 + 47)?
86
Let r(o) = 135*o**2 - 83*o - 416. Calculate the remainder when r(-5) is divided by 45.
44
Suppose -9*t + 3*d = -8*t - 2807, -t - 4*d + 2849 = 0. What is the remainder when t is divided by 28?
25
Suppose -5*l + 2*w = -15 + 43, -4*l = 3*w + 4. Suppose -3*s = -17 - 4. Calculate the remainder when ((-35)/14)/(1/l) is divided by s.
3
Calculate the remainder when ((-2)/3)/((-4)/(-46)*7/(-294)) is divided by 27.
25
Let o =